 3*d - 2*d = 33. Let x = -8 - o. Let j(k) = k**3 - 5*k**2 + 4*k - 3. Calculate j(x).
-9
Let m(o) = o**2 + 10*o + 5. Let a(w) = -w**3 - 6*w**2 - 6*w - 12. Let i be a(-5). Calculate m(i).
-16
Let g(q) = -q**2 + 7*q - 5. Suppose -4*w - 14 = -3*u, -2*w = -3*u + 2*u + 4. Suppose -u*x + 0 + 36 = 0. Determine g(x).
1
Suppose -3*z = -2*a - 4, -4*z + 8 = -3*z - 4*a. Let c(p) = -p**3 + p**2 - 3*p + 14. Calculate c(z).
14
Let r(k) = 5*k + 78. Let s(v) = 5. Let g(a) = -r(a) + 2*s(a). What is g(-14)?
2
Let k(z) = -z**2 - 3*z - 1. Let h be -1*((-1 - 1) + 2). Let p = -127 - -123. Let j be p + 2/(h + 2). Give k(j).
-1
Let p(z) = 14*z + 0*z**2 + 2*z**2 - 7 - 5*z**2 + 14 + 2*z**2. Calculate p(15).
-8
Let s(b) = 50*b - 6. Let r be s(0). Let j(u) = u**3 + 6*u**2 + 1. Determine j(r).
1
Suppose 0 = 2*r - 0*j - j - 4, 4*j = -8. Let w(s) be the second derivative of 0 - 19*s + 0*s**2 + 2/3*s**3. Determine w(r).
4
Let p(q) = q**3 + q - 6. Suppose 0*s = -u - s + 4, -5*u + 20 = -s. Let h be 0 - ((20 - -1)/1 + -5). Let y be (-12)/h - 3/u. Calculate p(y).
-6
Let u(v) = -v**3 + 5*v**2 + 8*v - 9. Let n be u(6). Suppose 2*t + 9 = n*t. Let j(m) = -m - 2*m + t + m**2 - 2*m**2 - 13 + m**3. Give j(3).
5
Let r(b) be the first derivative of -b**5/30 - b**4/12 + 7*b**3 + 26. Let f(v) be the third derivative of r(v). What is f(-3)?
10
Let v(i) = -1 - 3*i + 5*i - 3*i - 8. Let t = -6 - 18. Let b be ((-2)/4)/((-2)/t). Determine v(b).
-3
Let b(a) = -a**3 + 5*a**2 - a - 11. Suppose -10 = -2*k + f, 0 = -k - f - 0 + 5. Let d be b(k). Let i be (-3)/(-2)*d/(-12). Let h(u) = -u**2 + 3*u. What is h(i)?
2
Let z(y) = y**2 - y. Let r = 255 - 262. What is z(r)?
56
Suppose -2*u + 8 = 3*o, 3*o + 302*u - 33 = 305*u. Let m(t) = t**2 + 7*t**2 - 2*t**2 - t**3 - 7. Give m(o).
-7
Suppose 4*v + 101 - 73 = 0. Let k(n) = n**3 + 8*n**2 + 9*n + 13. Give k(v).
-1
Suppose 3*d + 9 = 0, -5*d - 1 = -2*k - 0. Let c = -7 - k. Suppose 2*q + 5*u = -15, c = 7*q - 3*q - 2*u + 18. Let m(a) = a + 8. What is m(q)?
3
Let r(v) = -1 + 4 - 12 + 6*v - 5*v. What is r(5)?
-4
Let m(o) = o**3 + o**2. Let l be (-39 - -3)*2/(-4). Let t be 3/(-6) - l/(-4). Suppose -3*f + 3*h - 12 = 0, t*f = h + 4*h - 20. Give m(f).
0
Let q(f) = f**2 + 2*f - 3. Let t be q(-3). Let r = t + 0. Let w(n) = 5*n**2 - 39. Let c(x) = x**2 - 8. Let h(i) = 11*c(i) - 2*w(i). Determine h(r).
-10
Let n(k) = k**2 + k - 3. Let j be 0 + 9/3 + 0. Suppose -j = -3*t + 2*t. Suppose 6*l = t*l - 9. Calculate n(l).
3
Suppose 13 + 7 = 5*b. Suppose 5*o - b*r = -22, 5*o - r - 4 + 17 = 0. Let h(g) = 4*g**2 + 3*g + 1. Calculate h(o).
11
Let g(i) = -i**2 - 13*i + 8. Suppose 19 = -p + 4*t, -18*p - 20 = -16*p + t. What is g(p)?
30
Let g(p) = 1 - 5*p + 1 + 4*p. Let h(a) = -a - 51. Let l be h(0). Let z = 44 + l. Give g(z).
9
Let c(b) = b**2 - 8*b - 4. Suppose 7*y = -0*y + 154. Suppose -8 = y*t - 23*t. Give c(t).
-4
Suppose -v - 4*w = -5*v + 12, v - 2*w = 6. Suppose 0 = -2*d - v*u + 2*u - 18, -39 = 5*d - 3*u. Let g(y) = -y**2 - 6*y + 5. Calculate g(d).
5
Suppose -2*k + 3*l + 26 - 10 = 0, 4*l = -k - 14. Let q(g) = 2*g - 10. Let o be q(6). Let a(n) = -3 - n**3 + 4*n**o + 3 + 1 - 4*n - n**k. Give a(3).
-11
Suppose 17*h - 66 = 6*h. Let t(x) = 5*x - 7. Let w(f) = 6*f - 8. Let i(r) = 7*t(r) - 6*w(r). What is i(h)?
-7
Let r(i) = -3*i + 124. Let n be r(42). Let w(h) = -h**2 - 2*h**3 + 0*h**3 + 3*h**3. Give w(n).
-12
Let k(b) be the second derivative of -8*b + 6*b**2 + 1/6*b**3 + 0. Determine k(0).
12
Let u be 2/(-8) - (-424)/32. Let q = u + -9. Let i(z) = -z**3 + z - 4 + 12 - q*z**2 - 7. What is i(-3)?
-11
Let j(d) = -200*d + 39*d - 2 + 160*d. Let n = 14 + -7. Determine j(n).
-9
Let p(c) = c**2 + 3*c**2 - 3*c**2 + 1. Let z be (20/(-25))/(33/(-15) + 2). Let t be (-1)/(z/(-48)*-6). Give p(t).
5
Suppose 0 = 26*t - 7*t - 57. Let a(d) = -d**3 + 3*d**2 - 2*d + 2. Calculate a(t).
-4
Let m(c) be the first derivative of -c**4/4 + 10*c**3/3 - c**2 - 2*c + 265. Calculate m(10).
-22
Let a(s) = -s**3 + 4*s**2 + 12*s - 3. Let b = 277 + -271. Calculate a(b).
-3
Let d(r) = -r**3 + 3*r**2 + 3*r + 4. Let x be d(4). Let c(s) = s**3 - 4*s**2 - 6*s + 7. Let v be c(5). Let z(p) = 2 + p + x*p - v. Determine z(5).
5
Suppose 5*h + 1 = r, -r = -3*h - 3*r + 2. Suppose 0 = 2*t - 28 - 14. Suppose 5*i = 4*g + 16 - 5, h = -4*g - 5*i - t. Let w(o) = o**2 + 7*o + 6. Calculate w(g).
-6
Let b(r) = -7*r - 17. Let o(z) = -25*z - 53. Let t(d) = 7*b(d) - 2*o(d). What is t(7)?
-6
Let h(x) be the second derivative of -x**5/20 - x**4/12 - x**3/6 + 5*x**2/2 - 14*x. Determine h(0).
5
Let c(k) = k - 4. Let m be c(13). Suppose 0 = m*o - 3*o + 36. Let s(i) = -i**3 - 7*i**2 - 7*i - 5. Determine s(o).
1
Let u(l) be the first derivative of -16*l + 1/2*l**2 - 2. What is u(0)?
-16
Let a(u) = 2*u**2 - 6*u - 7. Let w(m) = -50 - m + 53 + 2*m. Let o be w(2). Calculate a(o).
13
Let u(y) be the second derivative of -5*y**3/6 + 7*y**2/2 - y - 15. Determine u(13).
-58
Suppose -5*j + 4*j - 3*t + 7 = 0, -4*j = -5*t - 11. Let b(l) be the first derivative of -1/4*l**4 + 3*l**2 - l + 2/3*l**3 + 5. What is b(j)?
-9
Let v(o) be the second derivative of -o**3/6 - 3*o**2 + 137*o. Give v(10).
-16
Let d(y) = -y**3 - 9*y**2 + 10*y + 8. Let s(z) = -11*z**2 + 8*z + 9. Let i be s(-1). Let m be d(i). Let t(b) = -b - 3. Determine t(m).
-11
Let n be (-4)/1 - (-72)/9. Let b(f) = -f**3 + 3*f**2 + 3*f + 3. Determine b(n).
-1
Let v(p) be the second derivative of 5*p**3/3 - p**2/2 + 28*p. Suppose -2*r + 5*r - 3 = 0. Determine v(r).
9
Let m be 0 + (-2 - -2) + 3. Let y(l) = -l**3 + 2*l**2 + 2*l + 3. Let k be y(m). Let j(n) = n - 9 - 16 - 4 + 31. What is j(k)?
2
Suppose 2*w + 4*h = 28, -10*w + 23 = -6*w - 3*h. Let d(q) = -q**3 + 7*q**2 + 7*q + 13. Give d(w).
5
Suppose -4*c - 10 = 5*r, 5*r - 4*c = 110 - 160. Let l(t) = -t**3 - 8*t**2 - 7*t + 2. Calculate l(r).
-28
Let f = 509 + -503. Let k(i) = 3*i**2 - 14*i - 5. Calculate k(f).
19
Suppose -42 + 9 = -3*z. Suppose 5*c = -z - 19. Let r(n) = 6 - 3*n**2 - 7*n**2 + 24*n**2 + 4*n**2 + n + n**3 - 12*n**2. What is r(c)?
0
Let r(p) = 11*p + 7*p - 25*p + 6*p. Let q(a) = -7*a - 10. Let o(u) = q(u) - 6*r(u). Give o(-7).
-3
Let a(o) = 0*o**2 + 2*o**3 - 7*o**3 + 0*o**3 - o**2 + 31 - 32 - o. Calculate a(-1).
4
Let r(x) = 7 - 1 + 0*x + x. Suppose -3*f + 2*g = 31, 21 = 2*f + 40*g - 33*g. Calculate r(f).
-1
Let u be 130/52*(-6)/5. Let b(f) = 7*f - 2*f - f + 4. Give b(u).
-8
Let u(l) = 6*l**2 + l - 1. Let k(v) = -5*v**2 - 2*v. Let y(g) = g**2 - 13*g + 17. Let i be y(12). Let d(c) = i*k(c) + 4*u(c). What is d(-7)?
-11
Let h be (-13 - 2)*(-4)/12. Suppose -h*q - 6*q = -2*q. Let z(p) = 2*p - 3*p + p**2 - 1 - 2*p**2. Determine z(q).
-1
Let s = 4 + -2. Let m(r) = -r**2 - 2*r**3 - 7*r**3 - s*r - 1 + 5*r**3. Let h = -61 + 60. What is m(h)?
4
Let x(d) = -6*d - 6. Let r be ((-3 + 13)/(-40))/(1/28). Calculate x(r).
36
Let o(a) be the first derivative of 44*a - 39*a - 2*a**2 + 3*a**2 + 8 + 0. Determine o(-4).
-3
Let x(c) = c**3 + 8*c**2 - 7*c + 20. Let p be x(-9). Let s(a) = -6 - 24*a**p + 23*a**2 - 7*a + 2*a. What is s(-5)?
-6
Let j(q) = q**3 - q**2 + 2*q. Let g(m) = 7*m**2 - 8*m + 10. Let w(k) = g(k) - j(k). Give w(7).
-11
Let a be (3 + -3)*1 - (5 + -3). Let w(c) = -12*c + 41 + 13*c - 38. Determine w(a).
1
Let v(b) = -2*b**2 - 6*b - 4. Let h be v(-2). Let m = 31 + -19. Let f(r) = -r**3 - m + 1 + 0*r**3. Determine f(h).
-11
Let y(l) = 4*l**3 - 8*l - 17. Let n(g) = g**3 - 2*g - 4. Let m(z) = -9*n(z) + 2*y(z). Suppose -4*p - b = 209, 4*p = 2*b - 296 + 78. Let o = p + 51. Give m(o).
6
Let l(j) = 11*j - 31. Let u be l(3). Let k(v) = -6*v + 7. Calculate k(u).
-5
Let d(x) = 24*x**2 + x. Suppose -l - 2*z + 7*z - 9 = 0, -z = -2. What is d(l)?
25
Let d = -2 + 9. Let h(j) = -9*j**3 + 15*j**3 - d*j**3 + j - 3*j**2. Calculate h(2).
-18
Let d = 519 - 524. Let m(l) = 3*l + 22. Calculate m(d).
7
Let j(x) = -2*x - 2. Let a(h) = -2*h**2 + 23*h - 10. Let f be a(11). Determine j(f).
-4
Let m be (-3*4/6)/((-48)/72). Let k(d) = d + 4. Determine k(m).
7
Suppose 11 = 4*s + 3*p, 2*s + 4*p = 4*s. Let j(k) = -2*k + 4. Give j(s).
0
Let h(f) = -9 + 10 + 6 - f. Let w be (10/4)/((-3)/(-6)). Suppose -52 = -5*l + 3*r, 5*l + 3*r = w*r + 48. Calculate h(l).
-1
Let r = 24 - 21. Suppose -r*w - 10*w = 39. Let j(b) = 6*b + 4. Give j(w).
-14
Suppose -2*w + 4*q = -28, 4*w - 4*q + 2*q - 32 = 0. 